base 3, what is -11 + 112222122021112210?
112222122021112122
In base 8, what is 41204244 - 5?
41204237
In base 9, what is -48218 + -8568?
-57787
In base 3, what is 20 - -100120210001110?
100120210001200
In base 9, what is 33045572 + 2?
33045574
In base 5, what is 1101404434 - -121?
1101410110
In base 7, what is -4 + -1050054060?
-1050054064
In base 16, what is 1cbdd659 - -5?
1cbdd65e
In base 10, what is 5 + -36494146?
-36494141
In base 2, what is -11000110011011111100101100 - -1101?
-11000110011011111100011111
In base 2, what is 1111110001011 - -1101011001?
10001011100100
In base 8, what is -112615 + 272?
-112323
In base 9, what is -1726260 + -227?
-1726487
In base 5, what is 13322341240 + 0?
13322341240
In base 6, what is -3213522402 + 3?
-3213522355
In base 11, what is 1734 + 413050?
414784
In base 8, what is -3 + -310537000?
-310537003
In base 15, what is a + 52dd93?
52dd9d
In base 15, what is -5c7 + -31bc?
-3794
In base 8, what is -4 + 21164504?
21164500
In base 10, what is -11743 - -281?
-11462
In base 14, what is aa16c6 - 3?
aa16c3
In base 8, what is -5164 + -5410?
-12574
In base 8, what is 317745 - -22612?
342557
In base 9, what is -570 + 26540?
25860
In base 11, what is 18 + 161490?
1614a8
In base 10, what is -1 + -2771502?
-2771503
In base 4, what is -101320 + 1201301?
1033321
In base 5, what is -20 - 1140121331?
-1140121401
In base 10, what is -36 + -2314015?
-2314051
In base 16, what is -3e592 + -8b?
-3e61d
In base 8, what is 10507447741 - -2?
10507447743
In base 13, what is -55a29 - 210?
-55c39
In base 11, what is -12 - 85483?
-85495
In base 12, what is -98 + -32114?
-321b0
In base 16, what is 2db + -63b22?
-63847
In base 4, what is 12331030 - -113?
12331203
In base 3, what is -12 - -1022001021120102?
1022001021120020
In base 16, what is 2 - 1d7349f?
-1d7349d
In base 4, what is -3102322 + -2232?
-3111220
In base 5, what is -11 + -33310031?
-33310042
In base 12, what is -4 + -5b08a18?
-5b08a20
In base 9, what is 54861103 - 2?
54861101
In base 10, what is 145064062 - -4?
145064066
In base 2, what is -101 - -1000100001011101111010011?
1000100001011101111001110
In base 6, what is 204 - 25354?
-25150
In base 13, what is a + -ab79017?
-ab7900a
In base 14, what is 4 + -8a9423?
-8a941d
In base 9, what is 28740 - -726?
30566
In base 12, what is 5 - 6a41a6?
-6a41a1
In base 3, what is -12010211 - 12221022?
-102002010
In base 7, what is 502333 - 3?
502330
In base 7, what is 13051055613 - 5?
13051055605
In base 2, what is -101101001 + 10110100011100?
10101110110011
In base 14, what is -6d11 - -31a?
-69d5
In base 12, what is 2b + 408a96?
408b05
In base 14, what is b2 - 95830?
-9575c
In base 16, what is -4e969 + -83?
-4e9ec
In base 11, what is 917628a9 - -1?
917628aa
In base 13, what is -72 + 870689?
870617
In base 15, what is 13ae4 - 302?
137e2
In base 13, what is 61 - -391c7?
39258
In base 6, what is 2542531122 + 4?
2542531130
In base 2, what is -1010001001000000100 - 10010010?
-1010001001010010110
In base 6, what is -51000 - -1445?
-45111
In base 16, what is 1734 + -2046?
-912
In base 4, what is -10 + -103333301031?
-103333301101
In base 14, what is -d261 + 58bd?
-7782
In base 15, what is 131dd0 - -4?
131dd4
In base 9, what is 3 - -2734046?
2734050
In base 14, what is -2d9 + -3aa2?
-3d9b
In base 11, what is 82 + 1884a0?
188572
In base 13, what is 29b280 + 20?
29b2a0
In base 10, what is -102194 + -440?
-102634
In base 15, what is d6606 - -53c?
d6b43
In base 5, what is -3001312 - 1211?
-3003023
In base 3, what is 1 + 101112112112122220?
101112112112122221
In base 10, what is -6 - -5599525?
5599519
In base 13, what is 43a4097 - c?
43a4088
In base 3, what is -1022021101100110 + 1?
-1022021101100102
In base 13, what is c34846 - 5?
c34841
In base 2, what is 11101000011011 - 1000011100?
11011111111111
In base 6, what is 1 + -335344055?
-335344054
In base 9, what is 1772162 - -4?
1772166
In base 3, what is -1 - 1110222121012200?
-1110222121012201
In base 13, what is 1451b1 - -a?
1451bb
In base 3, what is -11200020120211 + 0?
-11200020120211
In base 5, what is -203223413423 + 1?
-203223413422
In base 5, what is 14403240 + -21123?
14332112
In base 7, what is -102564130 - 20?
-102564150
In base 14, what is a4a - -63c3?
702d
In base 10, what is -435 + 174886?
174451
In base 3, what is 210 + -102000110010?
-102000102100
In base 2, what is -11100111 + -110011100110100011?
-110011101010001010
In base 9, what is 548014 + 23?
548037
In base 7, what is 13 + 24300464?
24300510
In base 14, what is -40 + -185b396?
-185b3d6
In base 14, what is 5 + 16c297d3?
16c297d8
In base 15, what is 2 + -4dddb8e?
-4dddb8c
In base 9, what is 10087 + -841?
8146
In base 11, what is 2a - 128a663?
-128a634
In base 16, what is 3 - 1603e4?
-1603e1
In base 16, what is -a2 + -e2f06?
-e2fa8
In base 14, what is -961 + -166b2?
-17233
In base 3, what is 10000020010101102 + 12?
10000020010101121
In base 7, what is -14210063 - -34?
-14210026
In base 15, what is 3 + 2d7d2d9?
2d7d2dc
In base 6, what is 44 - 321004341?
-321004253
In base 16, what is -99 - -26fdb?
26f42
In base 12, what is -1 + -37132950?
-37132951
In base 8, what is -1 - -137505434?
137505433
In base 7, what is 66153101 + -5?
66153063
In base 10, what is -2249 - -124049?
121800
In base 9, what is 3 + -3457824?
-3457821
In base 8, what is 11 + -204155?
-204144
In base 15, what is 4 + -3ebe68?
-3ebe64
In base 6, what is -11401441441 + 20?
-11401441421
In base 14, what is -3d454c - 17?
-3d4565
In base 8, what is -74740523 - -24?
-74740477
In base 16, what is b67 + 77f?
12e6
In base 9, what is -1 + 102424026?
102424025
In base 13, what is 8aa1c + -92?
8a95a
In base 3, what is -1212201100 - 1022?
-1212202122
In base 11, what is -20632732 - 11?
-20632743
In base 12, what is 2a - b28a5?
-b2877
In base 5, what is -4233 - -322300043?
322240310
In base 9, what is 28545882 + 5?
28545887
In base 14, what is 755 - 5255?
-4900
In base 4, what is 12033101231200 - 3?
12033101231131
In base 8, what is -11417452732 - 5?
-11417452737
In base 9, what is -18575 - 8087?
-27673
In base 6, what is -530550 + 150?
-530400
In base 4, what is -3310130330 + -12031?
-3310203021
In base 4, what is 1310301201 + 3313?
1310311120
In base 4, what is -1120 + 30233231?
30232111
In base 14, what is -a - 1c974c9?
-1c974d5
In base 16, what is 7249 - 1d4?
7075
In base 2, what is 100 + -110000010100101001010000?
-110000010100101001001100
In base 4, what is -230113 - 21222230?
-22113003
In base 15, what is 168a + -120b?
47e
In base 12, what is 83542 - -42?
83584
In base 4, what is -210 + -13210001032?
-13210001302
In base 2, what is 10011 - 110011000011000101?
-110011000010110010
In base 16, what is 16 - 1854801?
-18547eb
In base 3, what is -1101200022122111 - -1?
-1101200022122110
In base 8, what is -74624605 + 23?
-74624562
In base 16, what is 0 - 308946?
-308946
In base 10, what is 16446592 + 3?
16446595
In base 12, what is 186b + b72?
2821
In base 2, what is -101101111010001 - 100001111011?
-110010001001100
In base 14, what is -59619a - 5?
-5961a1
In base 6, what is 3051525 + 53?
3052022
In base 10, what is -30841 - 34?
-30875
In base 16, what is -7f7 - 6968?
-715f
In base 16, what is 38427b + 11b?
384396
In base 11, what is 2008 + 10770?
12778
In base 11, what is 1 + -5832072?
-5832071
In base 15, what is -e9 + 2eb7?
2dbd
In base 14, what is b848 + 6a?
b8b4
In base 11, what is 440429a8 + -5?
440429a3
In base 10, what is 834 + -241406?
-240572
In base 14, what is 4a7c + -899d?
-3d21
In base 6, what is -213 - 11302055?
-11302312
In base 13, what is 5a86c4 - 345?
5a837c
In base 7, what is -1010056 + 1063?
-1005663
In base 7, what is 645212252 + -1?
645212251
In base 4, what is 21133100233 + -23022?
21133011211
In base 13, what is -345c + 5230?
1aa1
In base 16, what is 120 - 17af5?
-179d5
In base 13, what is -9c8c5c - 51?
-9c8cb0
In base 3, what is 10202211000210122 + 0?
10202211000210122
In base 7, what is -6555136 - 41?
-6555210
In base 5, what is -2 + -33031222302?
-33031222304
In base 15, what is ab83c8 + a?
ab83d3
In base 5, what is 40403004 + 31?
40403040
In base 10, what is 31162180 - 9?
31162171
In base 14, what is -bbd + 6a8?
-515
In base 13, what is 169462 + 6?
169468
In base 12, what is -485 - -1b810?
1b347
In base 8, what is 25 - 475626?
-475601
In base 